{"id":3092,"date":"2025-11-27T20:36:52","date_gmt":"2025-11-27T19:36:52","guid":{"rendered":"https:\/\/missions-catholiques.org\/?page_id=3092"},"modified":"2025-11-27T22:31:29","modified_gmt":"2025-11-27T21:31:29","slug":"un-grand-coeur-malgre-la-pauvrete","status":"publish","type":"page","link":"https:\/\/missions-catholiques.org\/en\/un-grand-coeur-malgre-la-pauvrete\/","title":{"rendered":"Un grand c\u0153ur malgr\u00e9 la pauvret\u00e9"},"content":{"rendered":"<div data-elementor-type=\"wp-page\" data-elementor-id=\"3092\" class=\"elementor elementor-3092\">\n\t\t\t\t<div class=\"elementor-element elementor-element-e5f6fbb e-flex e-con-boxed e-con e-parent\" data-id=\"e5f6fbb\" data-element_type=\"container\">\n\t\t\t\t\t<div class=\"e-con-inner\">\n\t\t\t\t<div class=\"elementor-element elementor-element-02a461f elementor-widget elementor-widget-image\" data-id=\"02a461f\" data-element_type=\"widget\" data-widget_type=\"image.default\">\n\t\t\t\t<div class=\"elementor-widget-container\">\n\t\t\t\t\t\t\t\t\t\t\t\t\t\t\t<img fetchpriority=\"high\" decoding=\"async\" width=\"768\" height=\"766\" src=\"https:\/\/missions-catholiques.org\/wp-content\/uploads\/2025\/11\/Ivato-Ambositra-en-bonne-compagnie-e1764271135805-768x766.jpg\" class=\"attachment-medium_large size-medium_large wp-image-3083\" alt=\"\" srcset=\"https:\/\/missions-catholiques.org\/wp-content\/uploads\/2025\/11\/Ivato-Ambositra-en-bonne-compagnie-e1764271135805-768x766.jpg 768w, https:\/\/missions-catholiques.org\/wp-content\/uploads\/2025\/11\/Ivato-Ambositra-en-bonne-compagnie-e1764271135805-300x300.jpg 300w, https:\/\/missions-catholiques.org\/wp-content\/uploads\/2025\/11\/Ivato-Ambositra-en-bonne-compagnie-e1764271135805-1024x1021.jpg 1024w, https:\/\/missions-catholiques.org\/wp-content\/uploads\/2025\/11\/Ivato-Ambositra-en-bonne-compagnie-e1764271135805-150x150.jpg 150w, https:\/\/missions-catholiques.org\/wp-content\/uploads\/2025\/11\/Ivato-Ambositra-en-bonne-compagnie-e1764271135805-12x12.jpg 12w, https:\/\/missions-catholiques.org\/wp-content\/uploads\/2025\/11\/Ivato-Ambositra-en-bonne-compagnie-e1764271135805-1000x997.jpg 1000w, https:\/\/missions-catholiques.org\/wp-content\/uploads\/2025\/11\/Ivato-Ambositra-en-bonne-compagnie-e1764271135805-230x229.jpg 230w, https:\/\/missions-catholiques.org\/wp-content\/uploads\/2025\/11\/Ivato-Ambositra-en-bonne-compagnie-e1764271135805-350x349.jpg 350w, https:\/\/missions-catholiques.org\/wp-content\/uploads\/2025\/11\/Ivato-Ambositra-en-bonne-compagnie-e1764271135805-480x479.jpg 480w, https:\/\/missions-catholiques.org\/wp-content\/uploads\/2025\/11\/Ivato-Ambositra-en-bonne-compagnie-e1764271135805.jpg 1512w\" sizes=\"(max-width: 768px) 100vw, 768px\" \/>\t\t\t\t\t\t\t\t\t\t\t\t\t\t\t<\/div>\n\t\t\t\t<\/div>\n\t\t\t\t\t<\/div>\n\t\t\t\t<\/div>\n\t\t<div class=\"elementor-element elementor-element-8f14bfe e-con-full e-flex e-con e-parent\" data-id=\"8f14bfe\" data-element_type=\"container\">\n\t\t\t\t<div class=\"elementor-element elementor-element-edee6da elementor-widget elementor-widget-text-editor\" data-id=\"edee6da\" data-element_type=\"widget\" data-widget_type=\"text-editor.default\">\n\t\t\t\t<div class=\"elementor-widget-container\">\n\t\t\t\t\t\t\t\t\t<p>2025 Ambositra<\/p><p>En cherchant mon chemin pour me rendre \u00e0 l\u2019\u00e9v\u00each\u00e9, un homme m\u2019accompagne ; c\u2019est un ancien gendarme qui a d\u00e9missionn\u00e9 de son poste, d\u00e9gout\u00e9 qu\u2019il \u00e9tait par la corruption qui r\u00e9gnait dans tout le Minist\u00e8re. Le hasard fait bien les choses puisque je me rendais justement pour parler de cette probl\u00e9matique avec l\u2019Ev\u00eaque qui est malheureusement \u00e0 l\u2019\u00e9tranger pour se soigner. Mais c\u2019est le Vicaire G\u00e9n\u00e9ral qui m\u2019a re\u00e7u, homme tr\u00e8s sensible et \u00e9mu du contenu de nos discussions.<\/p><p>\u00ab Vos ordinateurs nous facilitent grandement la t\u00e2che \u00bb, s\u2019exclame S\u0153ur Lucile, responsable des \u00e9coles \u00e0 la Communaut\u00e9 des Ursulines \u00e0 Ivato, petite ville situ\u00e9e \u00e0 15 kilom\u00e8tres d\u2019Ambositra. \u00ab Les enseignants ont suivi des cours informatiques et aujourd\u2019hui ce sont les \u00e9l\u00e8ves qui b\u00e9n\u00e9ficient de leurs connaissances \u00bb. Dix lampes solaires compl\u00e8tent \u00e9galement le don des ordinateurs ; elles servent principalement \u00e0 la promotion f\u00e9minine et aux retraites dans les petites \u00e9glises de brousse, orphelines d\u2019\u00e9lectricit\u00e9. S\u0153ur Marie Zo\u00e9, infirmi\u00e8re et responsable du dispensaire, constate que de plus en plus d\u2019enfants malnutris viennent en consultation. Le riz est trop cher, on se contente souvent de manger un seul repas par jour, du manioc. Une maman \u00e9tait l\u00e0 l\u2019autre jour avec son enfant d\u2019un an et demi ; il pesait 5 kilos. Les panneaux solaires install\u00e9s en 2021 fonctionnent bien, mais le tr\u00e8s vieux frigidaire \u00ab \u00e9puise \u00bb les batteries la nuit. Une demande d\u2019aide pour l\u2019achat d\u2019un nouveau frigidaire, \u00e9conome en \u00e9nergie, nous parviendra prochainement avec quelques acquisitions de petits mobiliers.<\/p><p>\u00a0<\/p>\t\t\t\t\t\t\t\t<\/div>\n\t\t\t\t<\/div>\n\t\t\t\t<\/div>\n\t\t<div class=\"elementor-element elementor-element-8331b7a e-flex e-con-boxed e-con e-parent\" data-id=\"8331b7a\" data-element_type=\"container\">\n\t\t\t\t\t<div class=\"e-con-inner\">\n\t\t\t\t<div class=\"elementor-element elementor-element-eb54585 elementor-widget elementor-widget-image\" data-id=\"eb54585\" data-element_type=\"widget\" data-widget_type=\"image.default\">\n\t\t\t\t<div class=\"elementor-widget-container\">\n\t\t\t\t\t\t\t\t\t\t\t\t\t\t\t<img decoding=\"async\" width=\"768\" height=\"1024\" src=\"https:\/\/missions-catholiques.org\/wp-content\/uploads\/2025\/11\/Ivato-Ambositra-Sr-Lucie-Sr-Violette-et-les-ordinateurs-offerts-768x1024.jpg\" class=\"attachment-medium_large size-medium_large wp-image-3101\" alt=\"\" srcset=\"https:\/\/missions-catholiques.org\/wp-content\/uploads\/2025\/11\/Ivato-Ambositra-Sr-Lucie-Sr-Violette-et-les-ordinateurs-offerts-768x1024.jpg 768w, https:\/\/missions-catholiques.org\/wp-content\/uploads\/2025\/11\/Ivato-Ambositra-Sr-Lucie-Sr-Violette-et-les-ordinateurs-offerts-225x300.jpg 225w, https:\/\/missions-catholiques.org\/wp-content\/uploads\/2025\/11\/Ivato-Ambositra-Sr-Lucie-Sr-Violette-et-les-ordinateurs-offerts-1152x1536.jpg 1152w, https:\/\/missions-catholiques.org\/wp-content\/uploads\/2025\/11\/Ivato-Ambositra-Sr-Lucie-Sr-Violette-et-les-ordinateurs-offerts-9x12.jpg 9w, https:\/\/missions-catholiques.org\/wp-content\/uploads\/2025\/11\/Ivato-Ambositra-Sr-Lucie-Sr-Violette-et-les-ordinateurs-offerts-1000x1333.jpg 1000w, https:\/\/missions-catholiques.org\/wp-content\/uploads\/2025\/11\/Ivato-Ambositra-Sr-Lucie-Sr-Violette-et-les-ordinateurs-offerts-230x307.jpg 230w, https:\/\/missions-catholiques.org\/wp-content\/uploads\/2025\/11\/Ivato-Ambositra-Sr-Lucie-Sr-Violette-et-les-ordinateurs-offerts-350x467.jpg 350w, https:\/\/missions-catholiques.org\/wp-content\/uploads\/2025\/11\/Ivato-Ambositra-Sr-Lucie-Sr-Violette-et-les-ordinateurs-offerts-480x640.jpg 480w, https:\/\/missions-catholiques.org\/wp-content\/uploads\/2025\/11\/Ivato-Ambositra-Sr-Lucie-Sr-Violette-et-les-ordinateurs-offerts-rotated.jpg 1512w\" sizes=\"(max-width: 768px) 100vw, 768px\" \/>\t\t\t\t\t\t\t\t\t\t\t\t\t\t\t<\/div>\n\t\t\t\t<\/div>\n\t\t\t\t\t<\/div>\n\t\t\t\t<\/div>\n\t\t<div class=\"elementor-element elementor-element-81acb16 e-flex e-con-boxed e-con e-parent\" data-id=\"81acb16\" data-element_type=\"container\">\n\t\t\t\t\t<div class=\"e-con-inner\">\n\t\t\t\t<div class=\"elementor-element elementor-element-8089640 elementor-widget elementor-widget-text-editor\" data-id=\"8089640\" data-element_type=\"widget\" data-widget_type=\"text-editor.default\">\n\t\t\t\t<div class=\"elementor-widget-container\">\n\t\t\t\t\t\t\t\t\t<p>\u00a0<\/p><p>56 filles suivent actuellement une formation d\u2019une dur\u00e9e de deux ans sur la couture principalement, mais aussi dans les domaines de l\u2019art m\u00e9nager et du jardin potager. \u00ab C\u2019est un peu leur seconde chance, m\u2019indique S\u0153ur Apolina, responsable de la Communaut\u00e9 des S\u0153urs Maristes \u00e0 Ambositra, elles ont \u00e9chou\u00e9 \u00e0 l\u2019\u00e9cole et les parents voudraient le plus souvent les marier, une bouche ainsi de moins \u00e0 nourrir \u00ab ! Depuis plusieurs ann\u00e9es, notre association offre des machines \u00e0 coudre aux couturi\u00e8res affirm\u00e9es ayant achev\u00e9 leur formation. Le retour est tr\u00e8s positif, les parents ont particip\u00e9 quelque peu \u00e0 l\u2019achat et beaucoup gagnent leur vie avec la machine, en travaillant le plus r\u00e9guli\u00e8rement \u00e0 la maison. L\u2019aide pour l\u2019acquisition de machines \u00e0 coudre se poursuivra ainsi que pour l\u2019achat \u00ab d\u2019agenouilloirs \u00bb pour la petite chapelle du Centre. Une cantine est organis\u00e9e trois jours\/semaine en faveur des enfants d\u00e9favoris\u00e9s du quartier ainsi que pour les mendiants. La Communaut\u00e9 est pauvre, mais elle a un GRAND C\u0152UR pour les plus d\u00e9munis.<\/p>\t\t\t\t\t\t\t\t<\/div>\n\t\t\t\t<\/div>\n\t\t\t\t\t<\/div>\n\t\t\t\t<\/div>\n\t\t\t\t<\/div>","protected":false},"excerpt":{"rendered":"<p>2025 Ambositra En cherchant mon chemin pour me rendre \u00e0 l\u2019\u00e9v\u00each\u00e9, un homme m\u2019accompagne ; c\u2019est un ancien gendarme qui a d\u00e9missionn\u00e9 [&hellip;]<\/p>","protected":false},"author":1,"featured_media":0,"parent":0,"menu_order":0,"comment_status":"closed","ping_status":"closed","template":"","meta":{"footnotes":""},"_links":{"self":[{"href":"https:\/\/missions-catholiques.org\/en\/wp-json\/wp\/v2\/pages\/3092"}],"collection":[{"href":"https:\/\/missions-catholiques.org\/en\/wp-json\/wp\/v2\/pages"}],"about":[{"href":"https:\/\/missions-catholiques.org\/en\/wp-json\/wp\/v2\/types\/page"}],"author":[{"embeddable":true,"href":"https:\/\/missions-catholiques.org\/en\/wp-json\/wp\/v2\/users\/1"}],"replies":[{"embeddable":true,"href":"https:\/\/missions-catholiques.org\/en\/wp-json\/wp\/v2\/comments?post=3092"}],"version-history":[{"count":25,"href":"https:\/\/missions-catholiques.org\/en\/wp-json\/wp\/v2\/pages\/3092\/revisions"}],"predecessor-version":[{"id":3125,"href":"https:\/\/missions-catholiques.org\/en\/wp-json\/wp\/v2\/pages\/3092\/revisions\/3125"}],"wp:attachment":[{"href":"https:\/\/missions-catholiques.org\/en\/wp-json\/wp\/v2\/media?parent=3092"}],"curies":[{"name":"wp","href":"https:\/\/api.w.org\/{rel}","templated":true}]}}

Un grand cœur malgré la pauvreté

<div data-elementor-type="wp-page" data-elementor-id="3092" class="elementor elementor-3092">
				<div class="elementor-element elementor-element-e5f6fbb e-flex e-con-boxed e-con e-parent" data-id="e5f6fbb" data-element_type="container">
					<div class="e-con-inner">
				<div class="elementor-element elementor-element-02a461f elementor-widget elementor-widget-image" data-id="02a461f" data-element_type="widget" data-widget_type="image.default">
				<div class="elementor-widget-container">
															<img fetchpriority="high" decoding="async" width="768" height="766" src="https://missions-catholiques.org/wp-content/uploads/2025/11/Ivato-Ambositra-en-bonne-compagnie-e1764271135805-768x766.jpg" class="attachment-medium_large size-medium_large wp-image-3083" alt="" srcset="https://missions-catholiques.org/wp-content/uploads/2025/11/Ivato-Ambositra-en-bonne-compagnie-e1764271135805-768x766.jpg 768w, https://missions-catholiques.org/wp-content/uploads/2025/11/Ivato-Ambositra-en-bonne-compagnie-e1764271135805-300x300.jpg 300w, https://missions-catholiques.org/wp-content/uploads/2025/11/Ivato-Ambositra-en-bonne-compagnie-e1764271135805-1024x1021.jpg 1024w, https://missions-catholiques.org/wp-content/uploads/2025/11/Ivato-Ambositra-en-bonne-compagnie-e1764271135805-150x150.jpg 150w, https://missions-catholiques.org/wp-content/uploads/2025/11/Ivato-Ambositra-en-bonne-compagnie-e1764271135805-12x12.jpg 12w, https://missions-catholiques.org/wp-content/uploads/2025/11/Ivato-Ambositra-en-bonne-compagnie-e1764271135805-1000x997.jpg 1000w, https://missions-catholiques.org/wp-content/uploads/2025/11/Ivato-Ambositra-en-bonne-compagnie-e1764271135805-230x229.jpg 230w, https://missions-catholiques.org/wp-content/uploads/2025/11/Ivato-Ambositra-en-bonne-compagnie-e1764271135805-350x349.jpg 350w, https://missions-catholiques.org/wp-content/uploads/2025/11/Ivato-Ambositra-en-bonne-compagnie-e1764271135805-480x479.jpg 480w, https://missions-catholiques.org/wp-content/uploads/2025/11/Ivato-Ambositra-en-bonne-compagnie-e1764271135805.jpg 1512w" sizes="(max-width: 768px) 100vw, 768px" />															</div>
				</div>
					</div>
				</div>
		<div class="elementor-element elementor-element-8f14bfe e-con-full e-flex e-con e-parent" data-id="8f14bfe" data-element_type="container">
				<div class="elementor-element elementor-element-edee6da elementor-widget elementor-widget-text-editor" data-id="edee6da" data-element_type="widget" data-widget_type="text-editor.default">
				<div class="elementor-widget-container">
									<p>2025 Ambositra</p><p>En cherchant mon chemin pour me rendre à l’évêché, un homme m’accompagne ; c’est un ancien gendarme qui a démissionné de son poste, dégouté qu’il était par la corruption qui régnait dans tout le Ministère. Le hasard fait bien les choses puisque je me rendais justement pour parler de cette problématique avec l’Evêque qui est malheureusement à l’étranger pour se soigner. Mais c’est le Vicaire Général qui m’a reçu, homme très sensible et ému du contenu de nos discussions.</p><p>« Vos ordinateurs nous facilitent grandement la tâche », s’exclame Sœur Lucile, responsable des écoles à la Communauté des Ursulines à Ivato, petite ville située à 15 kilomètres d’Ambositra. « Les enseignants ont suivi des cours informatiques et aujourd’hui ce sont les élèves qui bénéficient de leurs connaissances ». Dix lampes solaires complètent également le don des ordinateurs ; elles servent principalement à la promotion féminine et aux retraites dans les petites églises de brousse, orphelines d’électricité. Sœur Marie Zoé, infirmière et responsable du dispensaire, constate que de plus en plus d’enfants malnutris viennent en consultation. Le riz est trop cher, on se contente souvent de manger un seul repas par jour, du manioc. Une maman était là l’autre jour avec son enfant d’un an et demi ; il pesait 5 kilos. Les panneaux solaires installés en 2021 fonctionnent bien, mais le très vieux frigidaire « épuise » les batteries la nuit. Une demande d’aide pour l’achat d’un nouveau frigidaire, économe en énergie, nous parviendra prochainement avec quelques acquisitions de petits mobiliers.</p><p> </p>								</div>
				</div>
				</div>
		<div class="elementor-element elementor-element-8331b7a e-flex e-con-boxed e-con e-parent" data-id="8331b7a" data-element_type="container">
					<div class="e-con-inner">
				<div class="elementor-element elementor-element-eb54585 elementor-widget elementor-widget-image" data-id="eb54585" data-element_type="widget" data-widget_type="image.default">
				<div class="elementor-widget-container">
															<img decoding="async" width="768" height="1024" src="https://missions-catholiques.org/wp-content/uploads/2025/11/Ivato-Ambositra-Sr-Lucie-Sr-Violette-et-les-ordinateurs-offerts-768x1024.jpg" class="attachment-medium_large size-medium_large wp-image-3101" alt="" srcset="https://missions-catholiques.org/wp-content/uploads/2025/11/Ivato-Ambositra-Sr-Lucie-Sr-Violette-et-les-ordinateurs-offerts-768x1024.jpg 768w, https://missions-catholiques.org/wp-content/uploads/2025/11/Ivato-Ambositra-Sr-Lucie-Sr-Violette-et-les-ordinateurs-offerts-225x300.jpg 225w, https://missions-catholiques.org/wp-content/uploads/2025/11/Ivato-Ambositra-Sr-Lucie-Sr-Violette-et-les-ordinateurs-offerts-1152x1536.jpg 1152w, https://missions-catholiques.org/wp-content/uploads/2025/11/Ivato-Ambositra-Sr-Lucie-Sr-Violette-et-les-ordinateurs-offerts-9x12.jpg 9w, https://missions-catholiques.org/wp-content/uploads/2025/11/Ivato-Ambositra-Sr-Lucie-Sr-Violette-et-les-ordinateurs-offerts-1000x1333.jpg 1000w, https://missions-catholiques.org/wp-content/uploads/2025/11/Ivato-Ambositra-Sr-Lucie-Sr-Violette-et-les-ordinateurs-offerts-230x307.jpg 230w, https://missions-catholiques.org/wp-content/uploads/2025/11/Ivato-Ambositra-Sr-Lucie-Sr-Violette-et-les-ordinateurs-offerts-350x467.jpg 350w, https://missions-catholiques.org/wp-content/uploads/2025/11/Ivato-Ambositra-Sr-Lucie-Sr-Violette-et-les-ordinateurs-offerts-480x640.jpg 480w, https://missions-catholiques.org/wp-content/uploads/2025/11/Ivato-Ambositra-Sr-Lucie-Sr-Violette-et-les-ordinateurs-offerts-rotated.jpg 1512w" sizes="(max-width: 768px) 100vw, 768px" />															</div>
				</div>
					</div>
				</div>
		<div class="elementor-element elementor-element-81acb16 e-flex e-con-boxed e-con e-parent" data-id="81acb16" data-element_type="container">
					<div class="e-con-inner">
				<div class="elementor-element elementor-element-8089640 elementor-widget elementor-widget-text-editor" data-id="8089640" data-element_type="widget" data-widget_type="text-editor.default">
				<div class="elementor-widget-container">
									<p> </p><p>56 filles suivent actuellement une formation d’une durée de deux ans sur la couture principalement, mais aussi dans les domaines de l’art ménager et du jardin potager. « C’est un peu leur seconde chance, m’indique Sœur Apolina, responsable de la Communauté des Sœurs Maristes à Ambositra, elles ont échoué à l’école et les parents voudraient le plus souvent les marier, une bouche ainsi de moins à nourrir « ! Depuis plusieurs années, notre association offre des machines à coudre aux couturières affirmées ayant achevé leur formation. Le retour est très positif, les parents ont participé quelque peu à l’achat et beaucoup gagnent leur vie avec la machine, en travaillant le plus régulièrement à la maison. L’aide pour l’acquisition de machines à coudre se poursuivra ainsi que pour l’achat « d’agenouilloirs » pour la petite chapelle du Centre. Une cantine est organisée trois jours/semaine en faveur des enfants défavorisés du quartier ainsi que pour les mendiants. La Communauté est pauvre, mais elle a un GRAND CŒUR pour les plus démunis.</p>								</div>
				</div>
					</div>
				</div>
				</div>

<p>2025 Ambositra En cherchant mon chemin pour me rendre à l’évêché, un homme m’accompagne ; c’est un ancien gendarme qui a démissionné [&hellip;]</p>
