{"id":1782,"date":"2024-12-22T17:46:41","date_gmt":"2024-12-22T16:46:41","guid":{"rendered":"https:\/\/missions-catholiques.org\/?page_id=1782"},"modified":"2025-09-02T17:23:21","modified_gmt":"2025-09-02T15:23:21","slug":"la-corruption","status":"publish","type":"page","link":"https:\/\/missions-catholiques.org\/en\/la-corruption\/","title":{"rendered":"Corruption"},"content":{"rendered":"<div data-elementor-type=\"wp-page\" data-elementor-id=\"1782\" class=\"elementor elementor-1782\">\n\t\t\t\t<div class=\"elementor-element elementor-element-152a095 e-flex e-con-boxed e-con e-parent\" data-id=\"152a095\" data-element_type=\"container\">\n\t\t\t\t\t<div class=\"e-con-inner\">\n\t\t\t\t<div class=\"elementor-element elementor-element-b5de58f elementor-widget elementor-widget-text-editor\" data-id=\"b5de58f\" data-element_type=\"widget\" data-widget_type=\"text-editor.default\">\n\t\t\t\t<div class=\"elementor-widget-container\">\n\t\t\t\t\t\t\t\t\t<p><strong><em>La corruption est le pire des fl\u00e9aux qui s\u00e9vit sur cette terre. Elle tue plus que les guerres ; les victimes, diss\u00e9min\u00e9es dans le monde entier, sans argent pour se soigner, meurent \u00e0 petit feu, de faim, de d\u00e9sespoir, de maladies dues \u00e0 la malnutrition. Madagascar n\u2019y \u00e9chappe pas, la corruption est devenue une normalit\u00e9. L\u2019\u00e9glise catholique, influente ici, a une grande responsabilit\u00e9. Chaque \u00e9v\u00eaque, chaque pr\u00eatre, chaque diacre a le devoir de faire prendre conscience que voler, tuer, sont des crimes. Le r\u00e9p\u00e9ter, inlassablement, en toutes circonstances, r\u00e9veillera les consciences, \u00e0 petits pas.<\/em><\/strong><\/p><p><br \/>Novembre 2024 Fran\u00e7ois Pasquier, pour l\u2019association Missio Sancta<\/p>\t\t\t\t\t\t\t\t<\/div>\n\t\t\t\t<\/div>\n\t\t\t\t\t<\/div>\n\t\t\t\t<\/div>\n\t\t<div class=\"elementor-element elementor-element-1b18613 e-flex e-con-boxed e-con e-parent\" data-id=\"1b18613\" data-element_type=\"container\">\n\t\t\t\t\t<div class=\"e-con-inner\">\n\t\t\t\t<div class=\"elementor-element elementor-element-b43f039 elementor-widget elementor-widget-text-editor\" data-id=\"b43f039\" data-element_type=\"widget\" data-widget_type=\"text-editor.default\">\n\t\t\t\t<div class=\"elementor-widget-container\">\n\t\t\t\t\t\t\t\t\t<p>Quatre sonneries t\u00e9l\u00e9phoniques et d\u00e9j\u00e0 la voix de Monseigneur Fabien au bout du fil. Tr\u00e8s simple et sympathique, l\u2019Ev\u00eaque de Morondava m\u2019invite \u00e0 partager un repas \u00e0 l\u2019Ev\u00each\u00e9. Plusieurs pr\u00eatres et deux S\u0153urs sont autour de la table. Le dialogue s\u2019installe et le th\u00e8me sur la corruption devient bien vite prioritaire. Monseigneur, Pr\u00e9sident de la Conf\u00e9rence Episcopale de Madagascar (23 Ev\u00each\u00e9s), approuve le contenu de mon document et inscrira cet important sujet \u00e0 l\u2019ordre du jour de la prochaine Conf\u00e9rence des Ev\u00eaques. La chance m\u2019a permis de m\u2019entretenir \u00e9galement longuement sur ce th\u00e8me avec l\u2019Archev\u00eaque d\u2019Antananarivo, Mgr. Jean de Dieu Raoelison.<\/p>\t\t\t\t\t\t\t\t<\/div>\n\t\t\t\t<\/div>\n\t\t\t\t\t<\/div>\n\t\t\t\t<\/div>\n\t\t<div class=\"elementor-element elementor-element-0dcfd16 e-grid e-con-boxed e-con e-parent\" data-id=\"0dcfd16\" data-element_type=\"container\">\n\t\t\t\t\t<div class=\"e-con-inner\">\n\t\t\t\t<div class=\"elementor-element elementor-element-0dc1776 elementor-widget elementor-widget-image\" data-id=\"0dc1776\" data-element_type=\"widget\" data-widget_type=\"image.default\">\n\t\t\t\t<div class=\"elementor-widget-container\">\n\t\t\t\t\t\t\t\t\t\t\t\t\t\t\t<img fetchpriority=\"high\" decoding=\"async\" width=\"1024\" height=\"683\" src=\"https:\/\/missions-catholiques.org\/wp-content\/uploads\/2024\/12\/Mahavoky-rue-du-marche-1024x683.jpg\" class=\"attachment-large size-large wp-image-1789\" alt=\"\" srcset=\"https:\/\/missions-catholiques.org\/wp-content\/uploads\/2024\/12\/Mahavoky-rue-du-marche-1024x683.jpg 1024w, https:\/\/missions-catholiques.org\/wp-content\/uploads\/2024\/12\/Mahavoky-rue-du-marche-300x200.jpg 300w, https:\/\/missions-catholiques.org\/wp-content\/uploads\/2024\/12\/Mahavoky-rue-du-marche-768x512.jpg 768w, https:\/\/missions-catholiques.org\/wp-content\/uploads\/2024\/12\/Mahavoky-rue-du-marche-1536x1024.jpg 1536w, https:\/\/missions-catholiques.org\/wp-content\/uploads\/2024\/12\/Mahavoky-rue-du-marche-1000x667.jpg 1000w, https:\/\/missions-catholiques.org\/wp-content\/uploads\/2024\/12\/Mahavoky-rue-du-marche-230x153.jpg 230w, https:\/\/missions-catholiques.org\/wp-content\/uploads\/2024\/12\/Mahavoky-rue-du-marche-350x233.jpg 350w, https:\/\/missions-catholiques.org\/wp-content\/uploads\/2024\/12\/Mahavoky-rue-du-marche-480x320.jpg 480w, https:\/\/missions-catholiques.org\/wp-content\/uploads\/2024\/12\/Mahavoky-rue-du-marche.jpg 1920w\" sizes=\"(max-width: 1024px) 100vw, 1024px\" \/>\t\t\t\t\t\t\t\t\t\t\t\t\t\t\t<\/div>\n\t\t\t\t<\/div>\n\t\t\t\t<div class=\"elementor-element elementor-element-f1a4a01 elementor-widget elementor-widget-text-editor\" data-id=\"f1a4a01\" data-element_type=\"widget\" data-widget_type=\"text-editor.default\">\n\t\t\t\t<div class=\"elementor-widget-container\">\n\t\t\t\t\t\t\t\t\t<p>Je profite des temps libres pour rencontrer des \u00e9v\u00eaques lorsque cela est possible (ils sont souvent en d\u00e9placement) et des pr\u00eatres.<\/p><p>Comme je le mentionne dans le petit texte en annexe sur la corruption que je distribue \u00e0 tous les religieux (ses), l\u2019Eglise catholique a une grande responsabilit\u00e9. Elle a le devoir de d\u00e9noncer avec fermet\u00e9 la corruption qui \u00ab\u00a0ronge\u00a0\u00bb ce pays.<\/p><p>Car la corruption, ce n\u2019est ni plus ni moins que voler l\u2019argent du peuple, ce peuple qui meurt \u00e0 petit feu. Et provoquer la mort, n\u2019est-ce pas un crime\u00a0?<\/p><p>\u00a0<\/p>\t\t\t\t\t\t\t\t<\/div>\n\t\t\t\t<\/div>\n\t\t\t\t<div class=\"elementor-element elementor-element-9f039b1 elementor-widget elementor-widget-text-editor\" data-id=\"9f039b1\" data-element_type=\"widget\" data-widget_type=\"text-editor.default\">\n\t\t\t\t<div class=\"elementor-widget-container\">\n\t\t\t\t\t\t\t\t\t<p>Bonjour P\u00e8re Rolland,<\/p><p>Lors de notre derni\u00e8re entrevu, nous avons beaucoup parl\u00e9 de la corruption, ce fl\u00e9au qui provoque pauvret\u00e9 , mis\u00e8re et la mort.<\/p><p>Je me permets de vous joindre un tout petit message sur la corruption que j&rsquo;ai \u00e9crit apr\u00e8s une soir\u00e9e d&rsquo;orage o\u00f9 j&rsquo;ai vu 4 enfants de moins de 10 ans, tremp\u00e9s, transis de froid, affam\u00e9s, couch\u00e9s sur un trottoir pour passer la nuit.<\/p><p>Cette corruption qui vole, qui tue des millions de pauvres doit \u00eatre fermement combattue par l&rsquo;Eglise catholique, en particulier. Vous avez un r\u00f4le central dans la formation de jeunes pr\u00eatres qui devront combattre ce fl\u00e9au.<\/p><p>Merci d&rsquo;avance de leur transmettre une copie de ce court message, mais si vitale pour l&rsquo;avenir des pauvres.<\/p><p>Fraternellement<br \/>Fran\u00e7ois<\/p>\t\t\t\t\t\t\t\t<\/div>\n\t\t\t\t<\/div>\n\t\t\t\t<div class=\"elementor-element elementor-element-b420be1 elementor-widget elementor-widget-text-editor\" data-id=\"b420be1\" data-element_type=\"widget\" data-widget_type=\"text-editor.default\">\n\t\t\t\t<div class=\"elementor-widget-container\">\n\t\t\t\t\t\t\t\t\t<p>Bonjour Fran\u00e7ois<\/p><p>Oui, je suis d&rsquo;accord<br \/>Je fais tout ce que je peux pour combattre cette dette noire de notre pays<\/p><p>Merci pour le message<br \/>Je commence \u00e0 lire pour les jeunes en formation et je la lirai s&rsquo;il y a des occasions, dans toutes le circonstances.<\/p><p>Bon week end Fran\u00e7ois<\/p><p>Fraternellement<br \/>P Rolland<\/p>\t\t\t\t\t\t\t\t<\/div>\n\t\t\t\t<\/div>\n\t\t\t\t\t<\/div>\n\t\t\t\t<\/div>\n\t\t\t\t<\/div>","protected":false},"excerpt":{"rendered":"<p>La corruption est le pire des fl\u00e9aux qui s\u00e9vit sur cette terre. Elle tue plus que les guerres ; les victimes, diss\u00e9min\u00e9es [&hellip;]<\/p>","protected":false},"author":1,"featured_media":0,"parent":0,"menu_order":0,"comment_status":"closed","ping_status":"closed","template":"","meta":{"footnotes":""},"_links":{"self":[{"href":"https:\/\/missions-catholiques.org\/en\/wp-json\/wp\/v2\/pages\/1782"}],"collection":[{"href":"https:\/\/missions-catholiques.org\/en\/wp-json\/wp\/v2\/pages"}],"about":[{"href":"https:\/\/missions-catholiques.org\/en\/wp-json\/wp\/v2\/types\/page"}],"author":[{"embeddable":true,"href":"https:\/\/missions-catholiques.org\/en\/wp-json\/wp\/v2\/users\/1"}],"replies":[{"embeddable":true,"href":"https:\/\/missions-catholiques.org\/en\/wp-json\/wp\/v2\/comments?post=1782"}],"version-history":[{"count":25,"href":"https:\/\/missions-catholiques.org\/en\/wp-json\/wp\/v2\/pages\/1782\/revisions"}],"predecessor-version":[{"id":2635,"href":"https:\/\/missions-catholiques.org\/en\/wp-json\/wp\/v2\/pages\/1782\/revisions\/2635"}],"wp:attachment":[{"href":"https:\/\/missions-catholiques.org\/en\/wp-json\/wp\/v2\/media?parent=1782"}],"curies":[{"name":"wp","href":"https:\/\/api.w.org\/{rel}","templated":true}]}}

<div data-elementor-type="wp-page" data-elementor-id="1782" class="elementor elementor-1782">
				<div class="elementor-element elementor-element-152a095 e-flex e-con-boxed e-con e-parent" data-id="152a095" data-element_type="container">
					<div class="e-con-inner">
				<div class="elementor-element elementor-element-b5de58f elementor-widget elementor-widget-text-editor" data-id="b5de58f" data-element_type="widget" data-widget_type="text-editor.default">
				<div class="elementor-widget-container">
									<p><strong><em>La corruption est le pire des fléaux qui sévit sur cette terre. Elle tue plus que les guerres ; les victimes, disséminées dans le monde entier, sans argent pour se soigner, meurent à petit feu, de faim, de désespoir, de maladies dues à la malnutrition. Madagascar n’y échappe pas, la corruption est devenue une normalité. L’église catholique, influente ici, a une grande responsabilité. Chaque évêque, chaque prêtre, chaque diacre a le devoir de faire prendre conscience que voler, tuer, sont des crimes. Le répéter, inlassablement, en toutes circonstances, réveillera les consciences, à petits pas.</em></strong></p><p><br />Novembre 2024 François Pasquier, pour l’association Missio Sancta</p>								</div>
				</div>
					</div>
				</div>
		<div class="elementor-element elementor-element-1b18613 e-flex e-con-boxed e-con e-parent" data-id="1b18613" data-element_type="container">
					<div class="e-con-inner">
				<div class="elementor-element elementor-element-b43f039 elementor-widget elementor-widget-text-editor" data-id="b43f039" data-element_type="widget" data-widget_type="text-editor.default">
				<div class="elementor-widget-container">
									<p>Quatre sonneries téléphoniques et déjà la voix de Monseigneur Fabien au bout du fil. Très simple et sympathique, l’Evêque de Morondava m’invite à partager un repas à l’Evêché. Plusieurs prêtres et deux Sœurs sont autour de la table. Le dialogue s’installe et le thème sur la corruption devient bien vite prioritaire. Monseigneur, Président de la Conférence Episcopale de Madagascar (23 Evêchés), approuve le contenu de mon document et inscrira cet important sujet à l’ordre du jour de la prochaine Conférence des Evêques. La chance m’a permis de m’entretenir également longuement sur ce thème avec l’Archevêque d’Antananarivo, Mgr. Jean de Dieu Raoelison.</p>								</div>
				</div>
					</div>
				</div>
		<div class="elementor-element elementor-element-0dcfd16 e-grid e-con-boxed e-con e-parent" data-id="0dcfd16" data-element_type="container">
					<div class="e-con-inner">
				<div class="elementor-element elementor-element-0dc1776 elementor-widget elementor-widget-image" data-id="0dc1776" data-element_type="widget" data-widget_type="image.default">
				<div class="elementor-widget-container">
															<img fetchpriority="high" decoding="async" width="1024" height="683" src="https://missions-catholiques.org/wp-content/uploads/2024/12/Mahavoky-rue-du-marche-1024x683.jpg" class="attachment-large size-large wp-image-1789" alt="" srcset="https://missions-catholiques.org/wp-content/uploads/2024/12/Mahavoky-rue-du-marche-1024x683.jpg 1024w, https://missions-catholiques.org/wp-content/uploads/2024/12/Mahavoky-rue-du-marche-300x200.jpg 300w, https://missions-catholiques.org/wp-content/uploads/2024/12/Mahavoky-rue-du-marche-768x512.jpg 768w, https://missions-catholiques.org/wp-content/uploads/2024/12/Mahavoky-rue-du-marche-1536x1024.jpg 1536w, https://missions-catholiques.org/wp-content/uploads/2024/12/Mahavoky-rue-du-marche-1000x667.jpg 1000w, https://missions-catholiques.org/wp-content/uploads/2024/12/Mahavoky-rue-du-marche-230x153.jpg 230w, https://missions-catholiques.org/wp-content/uploads/2024/12/Mahavoky-rue-du-marche-350x233.jpg 350w, https://missions-catholiques.org/wp-content/uploads/2024/12/Mahavoky-rue-du-marche-480x320.jpg 480w, https://missions-catholiques.org/wp-content/uploads/2024/12/Mahavoky-rue-du-marche.jpg 1920w" sizes="(max-width: 1024px) 100vw, 1024px" />															</div>
				</div>
				<div class="elementor-element elementor-element-f1a4a01 elementor-widget elementor-widget-text-editor" data-id="f1a4a01" data-element_type="widget" data-widget_type="text-editor.default">
				<div class="elementor-widget-container">
									<p>Je profite des temps libres pour rencontrer des évêques lorsque cela est possible (ils sont souvent en déplacement) et des prêtres.</p><p>Comme je le mentionne dans le petit texte en annexe sur la corruption que je distribue à tous les religieux (ses), l’Eglise catholique a une grande responsabilité. Elle a le devoir de dénoncer avec fermeté la corruption qui « ronge » ce pays.</p><p>Car la corruption, ce n’est ni plus ni moins que voler l’argent du peuple, ce peuple qui meurt à petit feu. Et provoquer la mort, n’est-ce pas un crime ?</p><p> </p>								</div>
				</div>
				<div class="elementor-element elementor-element-9f039b1 elementor-widget elementor-widget-text-editor" data-id="9f039b1" data-element_type="widget" data-widget_type="text-editor.default">
				<div class="elementor-widget-container">
									<p>Bonjour Père Rolland,</p><p>Lors de notre dernière entrevu, nous avons beaucoup parlé de la corruption, ce fléau qui provoque pauvreté , misère et la mort.</p><p>Je me permets de vous joindre un tout petit message sur la corruption que j&rsquo;ai écrit après une soirée d&rsquo;orage où j&rsquo;ai vu 4 enfants de moins de 10 ans, trempés, transis de froid, affamés, couchés sur un trottoir pour passer la nuit.</p><p>Cette corruption qui vole, qui tue des millions de pauvres doit être fermement combattue par l&rsquo;Eglise catholique, en particulier. Vous avez un rôle central dans la formation de jeunes prêtres qui devront combattre ce fléau.</p><p>Merci d&rsquo;avance de leur transmettre une copie de ce court message, mais si vitale pour l&rsquo;avenir des pauvres.</p><p>Fraternellement<br />François</p>								</div>
				</div>
				<div class="elementor-element elementor-element-b420be1 elementor-widget elementor-widget-text-editor" data-id="b420be1" data-element_type="widget" data-widget_type="text-editor.default">
				<div class="elementor-widget-container">
									<p>Bonjour François</p><p>Oui, je suis d&rsquo;accord<br />Je fais tout ce que je peux pour combattre cette dette noire de notre pays</p><p>Merci pour le message<br />Je commence à lire pour les jeunes en formation et je la lirai s&rsquo;il y a des occasions, dans toutes le circonstances.</p><p>Bon week end François</p><p>Fraternellement<br />P Rolland</p>								</div>
				</div>
					</div>
				</div>
				</div>

<p>La corruption est le pire des fléaux qui sévit sur cette terre. Elle tue plus que les guerres ; les victimes, disséminées [&hellip;]</p>
